4*v - 72. What is the remainder when v is divided by l(1)?
8
Suppose 2*v = 5*v - 21. What is the remainder when 18 is divided by v?
4
Let n(y) = 5*y + 4. Let v be n(5). Suppose 0 = -4*u + v + 99. Suppose 4*x = -0*x + 68. Calculate the remainder when u is divided by x.
15
Let j = 176 - 111. Calculate the remainder when j is divided by 17.
14
Suppose -3*c - 11 = -53. Calculate the remainder when 54 is divided by c.
12
Let x = -118 - -358. Calculate the remainder when x is divided by 27.
24
Let s(o) = o**2 - 2*o + 13. What is the remainder when 73 is divided by s(6)?
36
Suppose 5*p + 7 = 17. Suppose 3*g + p*n = 81, -5 = -4*n + 7. Suppose 3*x = -4*u + 33 + 34, 5*x - 25 = 0. What is the remainder when g is divided by u?
12
Suppose -2*l = -0 + 4. Let h = 5 + -1. What is the remainder when 9 + (-3 - l) + -1 is divided by h?
3
Let x = 114 + -67. Suppose -2*p - t = -88, -2*p = -p - t - x. Suppose -p = -5*m + 40. Calculate the remainder when 32 is divided by m.
15
Let v = 0 + 76. Calculate the remainder when v is divided by 23.
7
Let d(n) = n**3 - 12*n**2 - 8*n - 27. What is the remainder when 149 is divided by d(13)?
35
Let u be ((0/3)/(-3))/(-2). Suppose m + 2 - 27 = u. Calculate the remainder when m is divided by 7.
4
Let o(k) = 3*k**2 + 6*k - 2. Let v be o(-6). Let b = v - 48. Calculate the remainder when b is divided by 6.
4
Let s = -42 - -84. Suppose -s = 3*z - 5*z. Calculate the remainder when 61 is divided by z.
19
Let u(t) = -t - 5. Let k be u(0). Let w = 30 - k. What is the remainder when w is divided by 9?
8
Suppose -6 = -5*j + 4. Suppose j*m - 3 = m. Suppose 36 = 3*z - m. Calculate the remainder when 24 is divided by z.
11
Suppose 3*s = 2*t - 13, 0*t + 5*t + s = 7. Suppose p + t = 4. Suppose p*i - 6*i + 40 = 0. What is the remainder when i is divided by 4?
2
Suppose 0 = -2*u + 5*u + 78. What is the remainder when 51 is divided by u/(1/(1 - 2))?
25
Suppose 4*i - 47 = -11. Suppose 2*x - 4*a - 4 = 2, 3*x - i = -3*a. Calculate the remainder when 5 is divided by x.
2
Calculate the remainder when -13*(3/(-12)*0 - 3) is divided by 10.
9
Suppose -4*z - 26 = v, 5*v + 5*z + 69 = 14. Calculate the remainder when 38 is divided by 156/15 - v/(-15).
8
Suppose 0 = -5*f - 15, 4*f + 13 = -w - f. Let j(z) = 2*z - z**w + 3*z + 9 - 4*z. Calculate the remainder when 26 is divided by j(0).
8
Suppose 5*a = 4*x - 31, -2*a + 1 - 7 = 0. Suppose 51 = 3*b + 4*r, -2*b = 3*b - x*r - 85. What is the remainder when (-244)/(-5) + 2/10 is divided by b?
15
Suppose 193 = 5*t + 4*r, 2*t - 5*r - 80 = -16. Let z(f) = f**2 - 2*f + 6. What is the remainder when t is divided by z(4)?
9
Suppose 2*v + 5*v = 280. Let f = -5 - -9. Suppose 0*b = f*b - v. What is the remainder when 28 is divided by b?
8
Let o = 42 + -25. Suppose -k = -0*k + 5*z - o, -5*k + 85 = 2*z. What is the remainder when k is divided by 9?
8
Let k(c) = c**3 - 9*c**2 + 14*c + 4. What is the remainder when (0 - 0) + -1 + 14 is divided by k(7)?
1
Suppose -v - 8 = 2*i + 3*v, 3*v = 2*i + 29. What is the remainder when 12 is divided by (3 + (-7)/2)*i?
2
Let r(l) = 2*l**2 + 8*l - 4. Let a be r(-6). Suppose 0*p - 5*p + a = 0. Let i(b) = b**2 + b - 2. What is the remainder when i(-4) is divided by p?
2
Let f be 2 + -2 - (2 + -4). Let r = 12 + f. What is the remainder when r is divided by 9?
5
Let a = -1 + 1. Suppose a = 3*x + 2*x - 50. Let v = -87 - -106. Calculate the remainder when v is divided by x.
9
Let t(b) = 2*b**2 + 5*b - 5. Let x be t(5). Let l = -32 + x. Calculate the remainder when l is divided by 20.
18
Let u = 1085 - 1057. Let m(s) = s**2 - s - 4. Calculate the remainder when u is divided by m(5).
12
Suppose -2*t + 8 = a, 2*t - 2*a = 3*t - 4. Suppose 17 = i - q, i + 0*i - 22 = -t*q. Suppose -z + 104 = z. Calculate the remainder when z is divided by i.
16
Let x = 5 - 0. Suppose 5*k = -5*q + 120, -3*q + 2*k - 5 = -52. Calculate the remainder when q is divided by x.
4
Let q be 1/3 + (-10)/(-6). Suppose -171 = -3*u + 204. Suppose -q*a = 3*a - u. What is the remainder when a is divided by 9?
7
Suppose -4*q = -s - 213, -2*q + 7*q + 3*s = 245. What is the remainder when q is divided by 11?
8
Let h = 28 - 47. Let i = 0 - h. What is the remainder when 55 is divided by i?
17
Suppose -x - 2*k = 26, 2*x = -2*x - 4*k - 96. Let v = 40 + x. Calculate the remainder when 34 is divided by v.
16
Suppose 2*g + 6 - 28 = -2*b, -5*g = -3*b + 1. Suppose -2*u + 5*y + 70 = 0, y - 6*y = -3*u + 95. Calculate the remainder when u is divided by b.
4
Let b(o) = -o**2 + 18*o + 22. What is the remainder when 7 is divided by b(19)?
1
Suppose -67 = -5*n - 2*b, 3*n = 2*b + 18 + 19. What is the remainder when n is divided by 13?
0
Let t = -91 + 141. Suppose 0 = 5*i - 4*a + 178, 36 = 2*i - 5*a + 114. Let p = t + i. What is the remainder when 30 is divided by p?
14
Suppose 2*b = 3*b - 43. Let k = b - 18. Calculate the remainder when k is divided by 9.
7
Let i(x) = x**2. Let v be i(0). Let p = 40 + -25. Calculate the remainder when ((-87 - v) + 1)/(-2) is divided by p.
13
Suppose 5*x + c + 30 = 2*c, -3*x = 4*c + 18. Let v = 14 + x. Suppose t = -3*g + 5, 0 = 5*g - 2*g. Calculate the remainder when v is divided by t.
3
Suppose -2*n = -184 - 18. Calculate the remainder when n is divided by 52.
49
Suppose -50 = -5*c - 5*k, c = -0*k + 3*k + 6. Suppose 4*v + c = 33. What is the remainder when 23 is divided by v?
5
Let d = 107 - 62. Calculate the remainder when d is divided by 23.
22
Let r(a) = a**2 - 2*a + 3. Let q be r(2). What is the remainder when 9 + -2 + (-1 - -1) is divided by (-6 + 2)*q/(-3)?
3
Let o(d) = -d + 2. Let r be o(0). Calculate the remainder when 27 + 0 - (r + -3) is divided by 10.
8
Let v(w) = 2*w + 5. Let b be v(-4). Let u = b - -18. Calculate the remainder when 44 is divided by u.
14
Let j be -9*(3 - 11/3). Suppose n + j = 2*n. What is the remainder when n is divided by 2?
0
Let u = -1 + 5. What is the remainder when 33 is divided by -1 + -2 + u - -11?
9
Let q = 45 - 31. What is the remainder when 54 is divided by q?
12
Let q = -13 - -8. Suppose -4*o + 9*o - 30 = 0. Let s = o + q. Calculate the remainder when s is divided by 1.
0
Suppose 0 = -4*k + 3*d + 41, 0*k = -5*k - 4*d + 28. Let b be -2 - 3*58/6. Let w = b + 60. What is the remainder when w is divided by k?
5
Let w(v) = v**3 - 5*v**2 + 3*v - 3. Let a be w(2). Let x = a + 19. What is the remainder when 29 is divided by x?
9
Suppose -3*s = -4*b + 161, 0 = b - s - 13 - 27. Let n(p) = -p**3 - 6*p**2 + 5. Let x be n(-6). What is the remainder when b is divided by (-201)/(-15) + 3/x?
13
Calculate the remainder when (-12)/(-2)*183/6 is divided by 37.
35
Let y = 15 - 11. Suppose y*o + 3*r = 20, -2*o - o = -3*r - 36. What is the remainder when 22 is divided by o?
6
Let t = -12 + 28. Let o be (22/(-6))/(3/9). Let u = o - -20. What is the remainder when t is divided by u?
7
Let q be (6/(-3 - 0))/2. Calculate the remainder when 4/((-8)/(-114)) - q is divided by 20.
18
Let a = 23 + -14. Calculate the remainder when a is divided by 6.
3
Let w(j) = j**3 - 3*j**2 + 5*j - 5. What is the remainder when w(3) is divided by 3?
1
Suppose 2*b = -0*b. Suppose h + 2*v - 5 + 6 = b, 0 = 4*h - 2*v - 46. Calculate the remainder when 17 is divided by h.
8
Suppose -5*g = -18 - 117. Let l = g + -16. Let c = 2 + l. Calculate the remainder when c is divided by 4.
1
Let c be ((-1)/4)/((-8)/32). Suppose -3*j + 11 = -7. Let g = c + j. What is the remainder when 13 is divided by g?
6
Let b = -156 + 174. Calculate the remainder when 121 is divided by b.
13
Let p(r) = -8*r. Suppose -6 = -3*u - 18, 3*z - u = 283. What is the remainder when z is divided by p(-3)?
21
Suppose -3*r - 1 = -4*r, -r + 17 = p. Calculate the remainder when 29 is divided by p.
13
Suppose -3*u = -3 - 9. Suppose 4*m + 3*r = u*r + 150, m + 3*r = 44. Calculate the remainder when m is divided by 10.
8
Let r(s) = -s**2 - 7*s - 5. Let w be r(-4). Let p(o) = 2*o - 6. Calculate the remainder when 31 is divided by p(w).
7
Suppose 2*p - 2*r - 2*r = 12, 4*r = -4*p - 24. Suppose 124 = 4*g + 8. Calculate the remainder when g is divided by 39/6*2 - p.
14
Suppose 0 = 5*c + 3*d - 71 - 19, -2*c + 2*d = -36. Calculate the remainder when 32 is divided by c.
14
Suppose -f - 1 = 0, -5*i = -2*f - 100 + 3. Let c(y) = 12*y - 1. Calculate the remainder when i is divided